(q) = 29*q - 2. Let g be v(2). Suppose 2*i = 8, 2*i - g = -j - 4. What is the units digit of j?
4
Let w(m) = -m - 8. Let r be w(-5). Let t be (r/(-2))/((-12)/(-32)). Suppose -14 = -2*s - t. What is the units digit of s?
5
Let p = 21 - 10. Let y = p - 1. Suppose -o = -2*k - y, 3*k = -o - 0*k + 30. What is the tens digit of o?
1
Let v = -7 - -10. Suppose 0 = -v*o + 34 + 17. What is the tens digit of o?
1
Suppose -3*c = c - 504. Suppose -p + 4*p + c = 3*z, -z + 2*p = -37. What is the tens digit of z?
4
Let d(p) = 12*p**2 - p - 1. Suppose -3 = y, -4*t + 9 = -t - 4*y. Let k be d(t). Suppose w = -2*w + k. What is the units digit of w?
4
Let l be -1 - ((-4)/(-2) - 11). Suppose -c - c + l = 0. Suppose c*k = -0*k + 24. What is the units digit of k?
6
Let s(f) = f + 6. Let d be s(6). Let l = d + 9. What is the tens digit of l?
2
Suppose 4*o = -o + 10. What is the units digit of o/(-3 + 5) + 0?
1
Let s = 13 + -8. Let c(y) = -y**2 + 4*y. Let m be c(4). Suppose s*p = -m*p + 25. What is the units digit of p?
5
What is the tens digit of (1 - -4)*(-308)/(-10)?
5
Suppose -3*v = 5*b - 196, 6*b - 124 = 3*b - 5*v. What is the tens digit of b?
3
Suppose -3*v + 8*v = 75. What is the units digit of v?
5
Let q(v) = -8*v + 2. What is the units digit of q(-3)?
6
Let y be (-4)/(-6) - (-20)/6. Suppose -4*n + 4*p + 8 = 0, 9 - 45 = -y*n - 3*p. What is the units digit of n?
6
Let b be 2 - (-1)/1*-2. What is the units digit of (b - 5)*45/(-25)?
9
Let c(m) = m - 1. Let q be c(5). Suppose -q*s + 8*s = 5*n + 11, 0 = 2*s + 4*n - 12. Suppose -21 = p - s*p. What is the units digit of p?
7
Let u = -12 - -48. What is the units digit of u?
6
Suppose 0*z + 75 = -5*z. Let t be (144/z)/((-6)/20). Suppose 2*v - t = 3*k, -5*v - 2*k + 20 = -22. What is the tens digit of v?
1
Let x = -5 + 16. What is the tens digit of x?
1
Suppose -3*k = -0*k - 12. Suppose -z + 0 = k. What is the units digit of (z/(-6))/((-2)/(-6))?
2
Let u(m) = -m - 12. Let l be u(-6). Let v be 532/24 + 1/l. Suppose -4*d + 30 = -v. What is the tens digit of d?
1
Let f(u) = -2*u**3 - 42*u**2 - 2*u + 23. What is the units digit of f(-21)?
5
Suppose -3*h + 245 = -2*s, 5*h - 180 - 230 = 3*s. What is the units digit of h?
5
Suppose -p = -15 + 1. Let j = p + 2. What is the units digit of j?
6
Let f(o) be the third derivative of o**5/30 + o**4/6 - o**3/6 - 3*o**2. What is the units digit of f(-4)?
5
Let l = 14 + -8. Let s be l/(-4)*(-8)/6. Suppose 0 = -s*k - 3*k + 50. What is the units digit of k?
0
Let c = 81 + -45. What is the units digit of c?
6
Suppose j = 3*j - 6. Let a(h) = -h**2 - 4*h - 6. Let i(m) = m**2 + 4*m + 7. Let t(p) = j*i(p) + 4*a(p). What is the units digit of t(-2)?
1
Let g(y) = y**2 + 3*y - 1. Suppose -3*b + 4*s - 16 = 0, -5*s + 21 = -4*b - 0*b. Let z be g(b). Suppose z*n - 16 = 20. What is the tens digit of n?
1
Let d = -4 + -7. Let o = -8 - d. Suppose 0*w + 21 = o*w. What is the units digit of w?
7
Let o(q) = q**2 - 2*q - 3. Let v be o(3). Suppose -l - l + 2 = v. What is the units digit of l?
1
Let v(k) = k**3 + 41. Let m be v(0). Let n = m - 8. What is the tens digit of n?
3
Let b(p) = p. Let w(u) = -2*u - 6. Let s be w(-4). Let m be b(s). Suppose 4 = m*r + 4*t, -2*r - 3*r - 5*t + 30 = 0. What is the tens digit of r?
1
Let s be 3*(-2)/4*-2. Let u = 0 + s. What is the units digit of u?
3
Let a(k) = -k + 10. Let c = 4 - -3. Let w be a(c). Suppose i - 3*f - w = 11, 0 = -2*i + 3*f + 19. What is the units digit of i?
5
Suppose -3*f + 8*f = 0, -i = -4*f - 12. What is the units digit of i?
2
Let w(n) = n**2 - 5*n - 8. Let d be w(6). What is the units digit of -1 - d/1 - -9?
0
Suppose 4*b + 3*i = -12, -3*b + 2*i - 3*i = 4. Suppose -2*v - 5*p + 68 = 13, -3*v + 4*p + 48 = b. What is the tens digit of v?
2
Suppose 78 = -p + 4*p. What is the units digit of p?
6
Suppose 5*r + 3*r - 1024 = 0. What is the hundreds digit of r?
1
Let t be -1 + -3 + 0 + 8. Suppose 5*g = 3*a - 3, -t*a - g = -7 - 20. What is the units digit of a?
6
Suppose 156 = g + n - 5*n, -4 = n. What is the tens digit of g?
4
What is the tens digit of (2925/(-10))/(-9)*2?
6
Suppose 0 = -5*c - 382 + 1242. What is the tens digit of c?
7
Let y = -88 + 147. What is the tens digit of y?
5
Suppose -b + 14 = -21. What is the units digit of b?
5
Suppose 2*i + 2*i + 96 = 0. Let c = i - -48. Suppose -4*b = -0*b - c. What is the units digit of b?
6
Let b be (14/4)/(6/12). Suppose -25 = -b*m + 2*m. Suppose m = 2*w - 3. What is the units digit of w?
4
Suppose 0 = 5*c - 0*c + 5. What is the units digit of c - (0 + -2 - 2)?
3
Suppose 0*c - 2*c = 0. What is the units digit of 2*(1 - c) + 21?
3
Let d = -4 - -4. Suppose d = -f + 18 + 1. What is the tens digit of f?
1
What is the units digit of (-2)/((-89)/29 + 3)?
9
Let c = -5 + 8. Suppose c*n - 16 = 5*n. Let b = 13 + n. What is the units digit of b?
5
Let a(o) = o**3 - 14*o**2 - 3. Let t be a(14). Let n(p) = -p**3 - 4*p - 2. What is the units digit of n(t)?
7
Let r(o) = -5*o + 9. Let f be r(-7). Let u = 95 - f. What is the tens digit of u*(-3 - 30/(-9))?
1
Suppose -4*l = -z + 32, -2*z + 5*l - 50 = -3*z. Suppose f = -f + z. Suppose 5*s + 0*b - 50 = 2*b, -f = 4*b. What is the units digit of s?
8
Let d = -72 + 102. What is the tens digit of d?
3
What is the units digit of (0 + 2)*((-34)/(-4) + 0)?
7
Suppose -4*p = -24 + 8. What is the units digit of p?
4
What is the units digit of 1*-2*(-5 + 5 + -13)?
6
Let o(b) be the second derivative of -b**3/6 + 3*b**2 + 7*b. What is the units digit of o(-3)?
9
Let x(a) = 3*a**3 - 4*a**2 + a - 4. What is the units digit of x(3)?
4
Let j be (2 + -5 - -6) + 0. What is the units digit of (-178)/(-12) - j/(-18)?
5
Let u(b) = b**3 + 9*b**2 + 3*b - 8. What is the tens digit of u(-8)?
3
Let b(q) = -q**2 + 4*q + 282. What is the tens digit of b(0)?
8
Suppose -3*t = 2*q + 4, 2*t = -2*q + q - 3. What is the units digit of (3 + 11 + 1)*q?
5
Suppose 0 = 4*h + 3*j - 29, 0 = j - 0*j + 5. What is the units digit of h?
1
Let u be (-3)/((-9)/(-15))*-1. Suppose 2*z = -3*p + 6*p - 11, 3*p + u*z - 25 = 0. What is the units digit of p?
5
What is the units digit of -2*20/8 + 378?
3
Let v be 3 + 2 + 1 + -1. Let c = v + -2. What is the units digit of c?
3
Let l(y) = -y**3 - y**2 + 3*y + 3. Let u be 80/(-12)*6/(-4). Suppose 3*p + u = g, -p + g - 3 - 3 = 0. What is the units digit of l(p)?
1
Let x(i) = -i**3 - 4*i**2 + 2*i - 2. Let d be x(-5). Let z = d + -5. What is the units digit of z?
8
Let p = 481 + -280. What is the hundreds digit of p?
2
Let a(d) = 14*d**2 - 6*d + 7. What is the hundreds digit of a(4)?
2
Let q = -34 - -96. Let s = -41 + q. What is the units digit of s?
1
Let r(j) = j**2 - 8*j - 7. What is the units digit of r(10)?
3
Suppose -36 = -4*v - 2*v. Suppose -j - 2*g = -42, j - 2*g + 170 = v*j. What is the tens digit of j?
3
Let s(u) = -u**2 + 9*u - 1. Suppose -20 = -3*f - 2. What is the tens digit of s(f)?
1
What is the tens digit of 0/15 - (-14 - 1)?
1
Let s(v) = -v**3 + 11*v**2 + 11*v + 10. Let d be s(12). What is the units digit of (42/(-35))/(d/5)?
3
Suppose -3*a + 7*a + 4 = 0. Let d = a + -1. What is the tens digit of d/10 - 224/(-20)?
1
Suppose 5*h - 5 - 10 = 0, -5*h = -d - 18. Let z = d - -7. Suppose -4*j + j - 12 = -3*i, 34 = z*i + 2*j. What is the units digit of i?
7
What is the tens digit of ((-164)/6)/(4/(-12))?
8
Suppose 0 = 7*m - 58 - 68. What is the tens digit of m?
1
Suppose -3*s = -77 - 31. Let v = 50 - s. What is the tens digit of v?
1
Let z be ((-8)/6)/(1/(-3)). Let w(r) = -r**3 + 5*r**2 + 3*r - 2. What is the tens digit of w(z)?
2
Let d(r) = -r**2 + 3*r + 1. Let h be d(-2). What is the tens digit of 3*-1 - (h - 13)?
1
Let f be 4/14 + 4/(-14). Let o = 1 + f. What is the units digit of 1/o*55/5?
1
What is the tens digit of ((-8)/(-14))/((-14)/(-637))?
2
Let u be -2 + 0 - (4 - 0). Let i(y) = 0*y**3 - 2*y**3 + 7*y**2 + 6*y + 3*y**3 + 1. What is the units digit of i(u)?
1
Let h(d) = -4*d**3 - d**2 + 0*d**2 + 4*d**2 - 2*d + 5*d**3. What is the units digit of h(-3)?
6
Suppose -3*t = -1 + 4. Let j(z) = -5*z - 1. Let w be j(t). Suppose -w*g = -8*g + 32. What is the units digit of g?
8
Let q be ((-12)/(-9))/((-4)/(-96)). Let y = q + -15. What is the units digit of y?
7
Let m be 3/(-1) - 106/(-2). Suppose m = z - 3*q, -2*q = -2*z + 109 - 13. What is the tens digit of z?
4
Suppose 0 = -s